2 + 9*g + 3. Calculate r(b).
-3
Let l(y) = y**2 + 7*y - 5. Let v be l(-8). Let d(f) = -f**2 + 6*f - 2. What is d(v)?
7
Let q(n) = -n**3 + 4*n**2 + n - 4. Let t(k) be the first derivative of k**2/2 + k + 2. Let p(x) = q(x) + 3*t(x). What is p(5)?
-6
Let h(r) = 3*r**2 - 4 + 2*r - r**3 - 3*r + r**2. Let o(g) = g**2 + 2*g - 5. Let n be o(-4). Calculate h(n).
2
Let v(o) = 3*o + 17*o - 1 - 4*o + 9*o. Give v(1).
24
Let o(u) = 5*u - 4. Let i be (18/8)/(-3)*(-20)/5. Give o(i).
11
Let u be (-2)/((-6)/(-4)*14/21). Let j(c) = c**3 - 3*c**2 + 2. Give j(u).
-18
Let o(m) = m**2 + 4*m + 6. Let k(a) = a + 6. Let f be k(-5). Let h be 0/(3/f) - 5. Determine o(h).
11
Let v be (1/(-2))/((-3)/6). Let w(o) = -o**2 + 0*o - o + v + o - 6*o. Calculate w(-5).
6
Let q(w) = 2*w**2 + 31*w - 7. Let g be q(-16). Let h(x) = x**2 - 8*x - 3. Determine h(g).
6
Let h(i) = 5*i**2 - 7*i + 14. Let u(r) = -4 - 2*r**2 - 1 - r + 3*r. Let v(b) = -3*h(b) - 8*u(b). Let g(s) = -6*s**2 + s. Let c be g(1). Determine v(c).
-2
Let h(n) be the third derivative of -n**6/120 - n**5/15 - n**4/6 - n**3/2 - 4*n**2. Give h(-2).
-3
Suppose -5*a + 14 = -21. Let p(w) = -w + 6. What is p(a)?
-1
Let n be ((-40)/(-12))/(4/6). Let l(u) = -u + 11. Let j(t) = -t + 10. Let k(g) = -4*j(g) + 3*l(g). Calculate k(n).
-2
Let b(a) = a**3 - 2*a**2 - 3*a - 3. Let y(g) = 2*g**3 - g**2 - 4*g - 4. Let d(v) = -3*b(v) + 2*y(v). Give d(-4).
-3
Let n(h) = -9*h - 1. Suppose 3 = 5*f - 2*f - 5*t, -4*t = 0. Give n(f).
-10
Let u(q) = -q + 2 - 2*q**2 - 3 + 7*q**3 + 3*q. Let h be u(1). Let x(i) = -i - 2. Calculate x(h).
-8
Suppose -5*c - 1 = -11. Let q(a) = a + a + 6*a**2 - a**3 + 0 - c - 3*a**2. Calculate q(3).
4
Let t(x) = x + 5. Let a = -16 + 25. Let r(c) = c**2 + 5*c - 2. Let v be r(-6). Let l = v - a. What is t(l)?
0
Let l be (-3)/(-5)*(-7 + 12). Let t be l + 16/(-4) + 4. Let b(k) = k. Let y(n) = 4*n - 1. Let i(s) = -3*b(s) + y(s). Determine i(t).
2
Let g be (-5 - (4 - -3))*(-2)/(-4). Let a(o) = -o + 1. Determine a(g).
7
Let m(b) = -2*b**2 + 28*b + 5. Let f be m(14). Let x(y) = 2*y**2 - 7*y + 6. Calculate x(f).
21
Let v(q) = -5*q - 3. Suppose -c + 3*d - 25 = -10, 4*c = 5*d - 32. Give v(c).
12
Let o(c) be the second derivative of c**4/12 + 2*c**3/3 - 4*c. Let a be (0 - -9)/(2 + -1). Let x = 6 - a. Give o(x).
-3
Let g be (-1 - 1)*(1 + 0). Let v(c) = -c**3 - 3*c**2 + 2. Let p be v(g). Let q(f) be the first derivative of f**2 + f + 1. Give q(p).
-3
Let i(v) be the third derivative of v**5/60 - 3*v**4/8 + 3*v**3/2 + 21*v**2. Give i(6).
-9
Let f(m) = 2*m. Let i be f(-1). Let v(x) = -x**2 + 2*x + 3. Let h be v(i). Let y(k) = k**2 + 4*k - 6. Determine y(h).
-1
Suppose -4*q = -0*q + 12. Let w be -5*(q + (-1 - -3)). Let l(p) = -6*p**3 + 4*p - 6*p**2 + 7*p**3 + 2 + 3. Give l(w).
0
Let v(q) = -q**2 + 9*q - 18. Let i be v(6). Let a(z) = z**2 + z - 18. What is a(i)?
-18
Let z(i) = 2*i**3 + 5*i**2 + 2*i + 2. Let f(a) be the second derivative of -a**5/10 - a**4/2 - a**3/3 - a**2 + 2*a. Let y(c) = 3*f(c) + 4*z(c). Determine y(-2).
-10
Suppose -17 = 2*s + 3*g, 3*g + 0*g + 10 = 5*s. Let i(o) be the first derivative of -o**4/2 - o**2/2 - o - 55. Give i(s).
2
Suppose 4*w = -2*a + 2, 4*a + 18 = -w + 1. Let d(y) = -y**2 - 6*y + 2. Determine d(a).
7
Let j(i) = i**3 + 16*i - 1 - 6*i**2 - 5 - 10*i. Calculate j(5).
-1
Let g(o) = -337*o**2 + 4*o + 339*o**2 + o + 3. Determine g(-4).
15
Let p(w) = 2*w**2 + w**3 + 3*w - 3 - 2 + 3*w**2. Suppose -7*u + 25 = -2*u. Suppose -2*h - u*v - 13 = 0, 3*h + 9 = -0*h + 3*v. Determine p(h).
-1
Let z(a) be the third derivative of -a**6/120 + a**4/12 + a**3/6 + 34*a**2. Determine z(2).
-3
Let l(h) = 3 - 3 + 0 - 1 + 8*h**2. What is l(-1)?
7
Let w(u) = u**3 - 4*u**2 - u + 2. Let y = -10 + 15. Suppose -3*g = -7 - y. What is w(g)?
-2
Suppose 6 = 3*w + 3*k, -4*k + 14 = 3*w - 9*k. Let p = -25 + 30. Let r(j) = -2*j - 3 - 7*j**2 + 3*j**2 + p*j**2. Calculate r(w).
0
Suppose -5*c = -4*f + 13, -2*c - 3 = c. Let l(k) = -2*k + 6*k - 3*k. Let o(t) = 3*t + 1. Let p(g) = 4*l(g) - 2*o(g). What is p(f)?
-6
Let u(f) be the first derivative of f**3/3 - 5*f**2/2 + 5*f + 4. Let t(g) = 5*g**2 - g. Let q be t(-1). Determine u(q).
11
Let p(v) = -2*v**2 - 11*v - 3. Let o be p(-5). Let x(t) = 1 - 6*t + 4*t - o + t. Calculate x(5).
-6
Let b(z) = 21*z**3 + z**2 - z. Let t(o) = -4*o - 23. Let i be t(-6). Determine b(i).
21
Let n(h) = -h**3 + 3*h + 0 + h - h + 2. Let k = -23 - -21. Calculate n(k).
4
Let g(r) = -3*r + 2*r**2 + 4 - 7*r**2 + r**2. Let i(c) be the first derivative of -c**3 - c**2 + 3*c - 4. Let b(q) = 2*g(q) - 3*i(q). Determine b(2).
3
Let i(r) = -r**3 - 6*r**2 + r + 7. Suppose -3*y - 13 = 2. Let m be 27/y + 21/(-35). What is i(m)?
1
Suppose -3*z - 3 + 0 = d, 5*d + 3 = -3*z. Let b(m) = 4*m + 21. Let g(p) = p + 5. Let n(h) = 2*b(h) - 9*g(h). What is n(d)?
-3
Suppose -4*d + 24 = 4*q, 5*q - 2*d - 18 = -d. Suppose 0 = -3*s + 7 + 5. Let w(x) = -q*x - s*x + 3*x. Determine w(1).
-5
Let w(p) = 19*p**3 - p + 1. Let d(o) = -o**3 - 24*o**2 - 24*o - 22. Let s be d(-23). Calculate w(s).
19
Let q(c) be the first derivative of c + 2 + 4/3*c**3 + 3/2*c**2. Give q(-2).
11
Let a(v) = -v**2 - v - 9. Let d(m) = -m**3 - 13*m**2 - 13*m - 12. Let i be d(-12). Give a(i).
-9
Let r(s) = -2*s - 2. Let z(l) = -l**2 - 8*l - 9. Let v = 14 + -20. Let k be z(v). Calculate r(k).
-8
Suppose 4*x - 30 = 2*w, -x + 3*w + 7 = -8. Suppose -i = -x*i + 35. Let q = i - 2. Let z(n) = -2*n + 7. Calculate z(q).
-3
Suppose 5*g = 5*k + 5, -2*k + 4*g - 16 = -4*k. Let f(u) be the third derivative of u**4/24 - u**3/3 - 2*u**2. Determine f(k).
0
Suppose 0 = -5*r - 3 + 8. Let m be 2 + -1 - (r - 0). Let x(z) = -2*z - 4 + 1 + z - 1. Give x(m).
-4
Let n be ((-28)/21)/(4/(-18)). Let s(l) = -l + 2. What is s(n)?
-4
Let p(l) = -9*l**2 - 2*l - 1. Let k = -3 - -4. Let c be (-3 + 3 - 0)/k. Suppose c = -5*x + 5*s - 25, -4*s + 11 = x - s. What is p(x)?
-8
Let u be 5/(7 + -4 - 2). Let p(w) = -2*w - 2. What is p(u)?
-12
Let f(b) be the second derivative of 0*b**3 - 1/12*b**4 + 0 - 2*b + 3/2*b**2. Determine f(-3).
-6
Let t be 3/(-2)*(-8)/6. Suppose -l - 3*m = -5*l + 8, -2*l + m = -4. Let g(p) = l*p**2 - p**t - 4 - 2*p + 3. Calculate g(-1).
2
Suppose 0*h - 4*l + 25 = -5*h, -4 = h - l. Let g = 14 + h. Let r(f) = f**3 - 4*f**2 - 4*f - 5. Give r(g).
0
Let l(s) = -3*s**3 + 10*s**2 + 13. Let n(d) = -d**3 + 3*d**2 + 4. Let p(w) = 3*l(w) - 8*n(w). What is p(6)?
7
Let u(h) be the third derivative of h**5/40 - h**4/12 - h**3/2 - 3*h**2. Let c(i) be the first derivative of u(i). Give c(3).
7
Let w(z) = 2*z**3 - 12*z**2 + 12*z + 11. Let m(t) = t**3 - 6*t**2 + 6*t + 6. Let i(f) = 5*m(f) - 3*w(f). Calculate i(5).
-8
Let f(p) = p**2 + 5*p + 5. Let v be f(-4). Suppose 3*j = 5 + v. Let r(i) = -6*i + 1 + 5*i + j + 2 - i**2. Calculate r(-4).
-7
Let n(i) be the second derivative of 3*i**5/10 + i**3/6 - 2*i - 16. Calculate n(1).
7
Let p(s) be the third derivative of -5*s**4/24 - 2*s**2. Let z = 88 - 86. Give p(z).
-10
Let f = 0 + 0. Let r(y) = y + 3 + y + f. What is r(-3)?
-3
Let g(h) = h**3 + 2*h**2 - 1. Let b be (8/(-24))/(2/18). Give g(b).
-10
Let a = -5 - -37. Let r be (6/8)/((-4)/a). Let i(x) = -x**3 - 6*x**2. Determine i(r).
0
Let y(k) be the first derivative of k**3 - k - 1. Let h(r) = -7*r**2 + r + 2. Let l(n) = 2*h(n) + 5*y(n). Let c = -3 - -1. What is l(c)?
-1
Let v(f) = -f**2 + 1. Let u(z) = -6*z**2 - 2*z + 8. Let g(j) = -u(j) + 5*v(j). What is g(-3)?
0
Let d(n) = -n - 12. Let w = 4 - 0. Suppose w*u + 0*f = -2*f + 8, 4*u - 22 = 5*f. Suppose -2*q = u*k - 4*q - 10, 3*k - 4*q = 20. Determine d(k).
-12
Suppose 4*f + 5 = -5*t, -3 + 0 = 3*t. Suppose f*q + 1 = q. Let h(s) = 3*s. Determine h(q).
3
Let u(v) = -v**2 - 5*v + 2. Suppose -26 = -3*a - 2*t, -t - 9 = -5*a + 43. Let l = a - 15. Give u(l).
2
Suppose 3 = -5*n + 28, -5*t + 35 = 4*n. Let y(k) = k**2 - 4*k - 1. Calculate y(t).
-4
Let p(f) = f**3 - 4*f**2 - f - 4. Suppose 2*i + 2*g = 0, -2*g - 12 = 3*i - 4*i. What is p(i)?
-8
Let p(z) be the second derivative of z**3/6 + 7*z**2/2 + 3*z. Let c(s) = -s - 8. Let l(k) = 5*c(k) + 6*p(k). What is l(0)?
2
Let v(b) = -5*b. Let k be v(-1). Suppose 0*i - 3*i + 18 = 0. Suppose -l + i = 2*g, 3*l - 7*l + k*g - 28 = 0. Let o(q) = -q**3 - 4*q**2 + q + 2. What is o(l)?
-8
Suppose 5*w + 12 = g, 0*w + 3*g = 3*w + 12. Let f = -3 + w. L